ivided by 11433.
1
What is the remainder when 168856 is divided by 168813?
43
Calculate the remainder when 1093647 is divided by 3304.
23
Calculate the remainder when 2591763 is divided by 14797.
2288
What is the remainder when 33221785 is divided by 843?
841
What is the remainder when 68950 is divided by 526?
44
What is the remainder when 9237814 is divided by 43?
38
What is the remainder when 11563649 is divided by 316?
261
Calculate the remainder when 5332134 is divided by 589.
506
Calculate the remainder when 842691 is divided by 18712.
651
What is the remainder when 701283 is divided by 7083?
66
What is the remainder when 4976 is divided by 443?
103
What is the remainder when 4628 is divided by 272?
4
What is the remainder when 28879584 is divided by 487?
484
What is the remainder when 42270057 is divided by 105?
102
Calculate the remainder when 491383 is divided by 351.
334
Calculate the remainder when 12323737 is divided by 3614.
3611
What is the remainder when 29714907 is divided by 390?
27
What is the remainder when 665904 is divided by 665903?
1
What is the remainder when 121503996 is divided by 30375999?
0
Calculate the remainder when 174297 is divided by 1314.
849
What is the remainder when 57466746 is divided by 19155572?
30
What is the remainder when 1452787 is divided by 262?
259
What is the remainder when 2458723 is divided by 608?
579
What is the remainder when 86573748 is divided by 5?
3
What is the remainder when 295236 is divided by 134?
34
What is the remainder when 223002 is divided by 31857?
3
What is the remainder when 16774656 is divided by 552?
480
Calculate the remainder when 4677138 is divided by 4677120.
18
Calculate the remainder when 32432147 is divided by 43.
42
Calculate the remainder when 953131443 is divided by 3413.
3411
Calculate the remainder when 1805064 is divided by 718.
12
Calculate the remainder when 61917522 is divided by 2.
0
Calculate the remainder when 603681 is divided by 733.
422
What is the remainder when 13260797 is divided by 640?
637
What is the remainder when 1193772 is divided by 661?
6
What is the remainder when 10922302 is divided by 5?
2
Calculate the remainder when 47088 is divided by 1247.
949
What is the remainder when 2551788 is divided by 850589?
21
What is the remainder when 15470768 is divided by 207?
2
Calculate the remainder when 49621 is divided by 2370.
2221
What is the remainder when 641020 is divided by 135?
40
Calculate the remainder when 530575 is divided by 498.
205
Calculate the remainder when 683857 is divided by 301.
286
Calculate the remainder when 126601 is divided by 124290.
2311
What is the remainder when 10425250 is divided by 86877?
10
What is the remainder when 190101 is divided by 860?
41
What is the remainder when 1417465 is divided by 503?
11
What is the remainder when 291661 is divided by 5311?
4867
Calculate the remainder when 108844 is divided by 9882.
142
What is the remainder when 3365280 is divided by 1666?
1626
Calculate the remainder when 819471 is divided by 10921.
396
Calculate the remainder when 32291 is divided by 2024.
1931
What is the remainder when 12443 is divided by 12389?
54
What is the remainder when 1359542 is divided by 11822?
12
Calculate the remainder when 10735152 is divided by 533.
532
Calculate the remainder when 55980450 is divided by 2031.
2028
Calculate the remainder when 1582956 is divided by 544.
460
What is the remainder when 56760544 is divided by 429?
412
What is the remainder when 6080009 is divided by 244?
17
Calculate the remainder when 56982 is divided by 139.
131
Calculate the remainder when 1662372 is divided by 5693.
16
Calculate the remainder when 571120 is divided by 76.
56
Calculate the remainder when 13718688 is divided by 2315.
2313
What is the remainder when 341506 is divided by 18968?
82
What is the remainder when 119803 is divided by 2343?
310
What is the remainder when 994223 is divided by 211?
202
What is the remainder when 52170904 is divided by 436?
16
What is the remainder when 8351616 is divided by 2327?
13
Calculate the remainder when 657368 is divided by 396.
8
What is the remainder when 4673902 is divided by 599?
504
What is the remainder when 33288 is divided by 32998?
290
Calculate the remainder when 334618 is divided by 4015.
1373
Calculate the remainder when 6262122 is divided by 1669.
34
What is the remainder when 14699162 is divided by 555?
542
Calculate the remainder when 366895 is divided by 1170.
685
What is the remainder when 6359160 is divided by 11?
5
Calculate the remainder when 57651 is divided by 59.
8
Calculate the remainder when 2373601 is divided by 11868.
1
Calculate the remainder when 3923900 is divided by 533.
487
Calculate the remainder when 1168949 is divided by 320.
309
Calculate the remainder when 94408449 is divided by 1137451.
16
Calculate the remainder when 951237 is divided by 190241.
32
What is the remainder when 82582197 is divided by 70886?
7
Calculate the remainder when 13970570 is divided by 607415.
25
Calculate the remainder when 2184038 is divided by 99258.
362
Calculate the remainder when 41413 is divided by 13397.
1222
Calculate the remainder when 5292068 is divided by 211.
188
What is the remainder when 25023322 is divided by 2758?
2746
What is the remainder when 522775 is divided by 174191?
202
Calculate the remainder when 48838 is divided by 52.
10
What is the remainder when 11739294 is divided by 545?
539
What is the remainder when 7394006 is divided by 493?
485
What is the remainder when 3998 is divided by 25?
23
Calculate the remainder when 2158436 is divided by 275.
236
Calculate the remainder when 34488913 is divided by 118.
109
What is the remainder when 3637944 is divided by 527?
63
Calculate the remainder when 17168745 is divided by 247.
22
Calculate the remainder when 2004897 is divided by 668282.
51
What is the remainder when 54675 is divided by 54392?
283
Calculate the remainder when 10148387 is divided by 235.
147
Calculate the remainder when 365578 is divided by 365553.
25
Calculate the remainder when 8160481 is divided by 7563.
4
What is the remainder when 124029855 is divided by 660?
15
Calculate the remainder when 77698702 is divided by 204.
202
What is the remainder when 25760211 is divided by 493?
468
What is the remainder when 1140659 is divided by 691?
509
Calculate the remainder when 257013 is divided by 5039.
24
What is the remainder when 2358744 is divided by 650?
544
Calculate the remainder when 5903734 is divided by 137.
130
Calculate the remainder when 183441 is divided by 879.
609
What is the remainder when 1070147 is divided by 224?
99
Calculate the remainder when 133342 is divided by 19.
0
What is the remainder when 3165737 is divided by 9366?
29
Calculate the remainder when 1104968 is divided by 2606.
24
Calculate the remainder when 2313297 is divided by 3463.
13
Calculate the remainder when 668295 is divided by 66187.
6425
What is the remainder when 20264273 is divided by 1141?
113
Calculate the remainder when 703289 is divided by 12787.
4
Calculate the remainder when 245006999 is divided by 900.
899
Calculate the remainder when 397718 is divided by 79543.
3
Calculate the remainder when 37999548 is divided by 7071.
7065
Calculate the remainder when 644563972 is divided by 25.
22
What is the remainder when 34332189 is divided by 292?
289
Calculate the remainder when 2102547 is divided by 20.
7
Calculate the remainder when 199784 is divided by 855.
569
Calculate the remainder when 9606099 is divided by 46.
11
Calculate the remainder when 15927304 is divided by 35394.
4
Calculate the remainder when 182206 is divided by 89115.
3976
Calculate the remainder when 579441 is divided by 10977.
8637
What is the remainder when 22389840 is divided by 163?
160
What is the remainder when 17060364 is divided by 1421694?
36
What is the remainder when 649918 is divided by 5?
3
Calculate the remainder when 343249 is divided by 3328.
465
What is the remainder when 269625 is divided by 134697?
231
Calculate the remainder when 2081735 is divided by 67.
45
Calculate the remainder when 216070 is divided by 35927.
508
What is the remainder when 44409076 is divided by 987?
985
Calculate the remainder when 2237048 is divided by 31.
26
What is the remai